112501744 a multiple of 3868?
False
Does 101 divide 117955678?
True
Is 492 a factor of 37800852?
True
Is 5814000 a multiple of 240?
True
Does 44 divide 16455337?
False
Does 4 divide 72812112?
True
Is 182128395 a multiple of 5?
True
Does 19 divide 568255325?
True
Is 10 a factor of 112189286?
False
Is 13494207 a multiple of 308?
False
Is 39628680 a multiple of 1995?
True
Is 79138178 a multiple of 9?
False
Is 24 a factor of 41391024?
True
Is 552 a factor of 140292271?
False
Does 17 divide 88749673?
True
Does 7 divide 22924664?
True
Is 24953904 a multiple of 36?
True
Does 3677 divide 24088027?
True
Is 810340980 a multiple of 1622?
False
Is 1240282680 a multiple of 11?
False
Is 314157870 a multiple of 470?
True
Is 2257 a factor of 3157236048?
True
Does 1530 divide 108432658?
False
Is 971 a factor of 203933304?
True
Is 893 a factor of 372475084?
False
Is 38 a factor of 414207055?
False
Is 11 a factor of 10142704?
True
Does 5441 divide 688123270?
True
Is 235554504 a multiple of 24?
True
Is 80919728 a multiple of 68?
True
Is 59 a factor of 1245178137?
False
Does 64 divide 17499456?
True
Is 17 a factor of 57576573?
False
Is 4222993 a multiple of 144?
False
Does 65 divide 17255095?
True
Is 29357029 a multiple of 1376?
False
Does 152 divide 501523544?
True
Does 45 divide 285247170?
True
Is 161142706 a multiple of 3495?
False
Is 78915226 a multiple of 14?
False
Is 215 a factor of 536217866?
False
Does 307 divide 272411337?
False
Is 199001864 a multiple of 136?
True
Does 373 divide 190124441?
True
Is 2437906922 a multiple of 829?
False
Is 9 a factor of 152004231?
True
Is 3 a factor of 720750?
True
Does 131 divide 800001149?
True
Is 6 a factor of 241385733?
False
Is 191 a factor of 9283173?
True
Is 14 a factor of 5136040?
True
Is 62 a factor of 72530331?
False
Is 68861846 a multiple of 976?
False
Is 2 a factor of 1393311?
False
Is 4 a factor of 149688059?
False
Is 1878157 a multiple of 37?
True
Is 5618912 a multiple of 104?
True
Is 274 a factor of 3405007590?
True
Is 6523 a factor of 183642019?
True
Does 11 divide 51477305?
True
Is 1451 a factor of 1789956502?
True
Does 97 divide 319485020?
True
Is 50747674 a multiple of 1129?
False
Does 85 divide 38508370?
False
Is 47 a factor of 123003559?
True
Is 48527049 a multiple of 4?
False
Is 21819943 a multiple of 15?
False
Is 640583999 a multiple of 1150?
False
Does 30 divide 702018570?
True
Is 6 a factor of 29810226?
True
Does 12 divide 396318900?
True
Is 739 a factor of 384441439?
False
Is 806530065 a multiple of 2091?
True
Is 358 a factor of 196381616?
True
Is 17 a factor of 148239898?
True
Is 685740 a multiple of 220?
True
Is 184933151 a multiple of 793?
True
Does 43 divide 799378374?
False
Is 64177190 a multiple of 14?
True
Is 10 a factor of 436998621?
False
Is 10523397 a multiple of 22?
False
Is 55268602 a multiple of 445?
False
Is 41 a factor of 256132572?
False
Is 13200005 a multiple of 13?
True
Does 73 divide 639090960?
False
Does 236 divide 12773500?
True
Does 10 divide 474558082?
False
Is 259205468 a multiple of 444?
False
Does 5458 divide 720489848?
False
Is 70 a factor of 666494150?
True
Is 31 a factor of 131111493?
True
Is 552361875 a multiple of 25?
True
Is 124 a factor of 7577888?
True
Is 299336332 a multiple of 3810?
False
Is 831322922 a multiple of 50?
False
Is 966743600 a multiple of 100?
True
Is 18356354 a multiple of 8?
False
Is 4197062 a multiple of 209?
False
Is 4226608 a multiple of 164?
True
Does 178 divide 571097354?
False
Is 3226 a factor of 1098749792?
True
Is 9 a factor of 6396079?
False
Is 37 a factor of 612003865?
True
Is 27232026 a multiple of 13?
False
Does 136 divide 17842112?
True
Is 4371666390 a multiple of 5670?
True
Is 121641137 a multiple of 8?
False
Is 261 a factor of 16371763?
False
Is 2962231778 a multiple of 359?
True
Is 32604055 a multiple of 605?
True
Is 64 a factor of 13677521?
False
Does 10 divide 40309280?
True
Does 55 divide 18743540?
False
Is 24 a factor of 2119094424?
True
Is 14 a factor of 171224816?
True
Is 15 a factor of 346080406?
False
Is 57238052 a multiple of 596?
True
Is 16421313 a multiple of 59?
False
Does 14 divide 311531545?
False
Is 87 a factor of 610435994?
False
Is 166 a factor of 11339626?
True
Does 953 divide 31304144?
True
Is 2163 a factor of 177967314?
True
Does 635 divide 2190115?
True
Does 112 divide 176300607?
False
Is 286 a factor of 1163868134?
True
Is 9111700 a multiple of 10?
True
Is 54 a factor of 330488946?
False
Is 827843496 a multiple of 41?
False
Is 3271020 a multiple of 20?
True
Is 15 a factor of 805383285?
True
Does 183 divide 143994763?
False
Is 97 a factor of 738292195?
False
Is 36207687 a multiple of 100?
False
Is 227063034 a multiple of 1089?
True
Is 17865636 a multiple of 12?
True
Does 519 divide 252518045?
False
Does 58 divide 1263900?
False
Does 31 divide 432183927?
True
Is 1632 a factor of 50832882?
False
Is 13 a factor of 172912753?
True
Is 201 a factor of 14016482?
False
Is 130359468 a multiple of 2822?
True
Is 24 a factor of 2296670151?
False
Does 2263 divide 38593731?
False
Is 38217282 a multiple of 258?
True
Is 33792348 a multiple of 54?
False
Is 77365948 a multiple of 242?
True
Is 2761 a factor of 1154098?
True
Is 1113 a factor of 484003632?
True
Is 616318487 a multiple of 73?
True
Does 4897 divide 1860247875?
True
Is 88681486 a multiple of 106?
False
Is 139382100 a multiple of 1485?
True
Is 1630 a factor of 137412260?
True
Is 913149238 a multiple of 1402?
True
Is 4535657609 a multiple of 14?
False
Is 1761 a factor of 369029628?
False
Does 3 divide 29453178?
True
Does 4552 divide 1118986870?
False
Does 4 divide 219837?
False
Is 107228275 a multiple of 175?
True
Does 5654 divide 1782482265?
False
Is 523 a factor of 431229190?
True
Does 3 divide 6991882?
False
Is 408319110 a multiple of 91?
False
Is 1480014176 a multiple of 32?
True
Is 35016000 a multiple of 25?
True
Is 3034623 a multiple of 48?
False
Is 5133002120 a multiple of 13171?
True
Is 51 a factor of 2958454?
False
Is 101438928 a multiple of 72?
True
Is 1084183497 a multiple of 9?
True
Is 31 a factor of 56108552?
False
Is 11 a factor of 36524686?
True
Does 19 divide 188510344?
False
Is 169056330 a multiple of 527?
True
Is 210 a factor of 43825625?
False
Is 133558760 a multiple of 74?
False
Is 7 a factor of 36103786?
False
Does 154 divide 151518906?
True
Does 498 divide 13424088?
True
Is 554 a factor of 989432790?
False
Is 39 a factor of 23195936?
False
Is 147 a factor of 93867291?
True
Does 346 divide 858667370?
False
Does 889 divide 511519867?
False
Is 1648207917 a multiple of 241?
True
Does 360 divide 36541080?
True
Is 37 a factor of 130298016?
True
Is 44578068 a multiple of 183?
True
Does 650 divide 100602349?
False
Is 9336344 a multiple of 184?
True
Is 169 a factor of 3014186994?
True
Is 46 a factor of 5466010?
False
Is 432 a factor of 14737248?
True
Is 20750984 a multiple of 6?
False
Is 47116916 a multiple of 484?
True
Is 1415 a factor of 155088245?
True
Is 235 a factor of 4648770?
True
Is 27 a factor of 70293722?
False
Does 44 divide 133322966?
False
Is 345 a factor of 195136830?
True
Is 67932438 even?
True
Is 6 a factor of 213071520?
True
Is 13200392 a multiple of 53?
True
Is 24746816 a multiple of 752?
True
Is 60742680 a multiple of 116?
False
Is 17239287 a multiple of 973?
False
Is 17 a factor of 93572403?
True
Does 1064 divide 58665768?
True
Is 777 a factor of 2134804392?
True
Does 171 divide 39718089?
False
Does 442 divide 20547254?
True
Does 831 divide 5984031?
True
Does 237 divide 313278924?
True
Does 943 divide 657565656?
False
Does 454 divide 7227680?
True
Is 3112185141 a multiple of 31?
False
Is 24 a factor of 30232878?
False
Is 7851871 a multiple of 56?
False
Does 673 divide 438176167?
True
Does 19 divide 173261684?
True
Is 189 a factor of 6732369?
True
Is 73732512 a multiple of 16?
True
Does 16 divide 103657343?
False
Is 49499650 a multiple of 25?
True
Is 8 a factor of 780231672?
True
Is 5357 a factor of 100074117?
True
Does 49 divide 100428303?
False
Is 1958936728 a multiple of 594?
False
Does 667 divide 1811292527?
True
Is 17 a factor of 1635354117?
True
Is 30861294 a multiple of 3516?
False
Is 7 a factor of 2586701?
False
Is 7 a factor of 22350148?
False
Does 624 divide 13952375?
False
Is 125 a factor of 15398500?
True
Is 28 a factor of